{"id":12,"date":"2016-06-30T09:49:52","date_gmt":"2016-06-30T08:49:52","guid":{"rendered":"http:\/\/www.masdecadenet.fr\/?page_id=12"},"modified":"2024-11-03T00:17:18","modified_gmt":"2024-11-02T23:17:18","slug":"le-domaine","status":"publish","type":"page","link":"https:\/\/www.masdecadenet.fr\/index.php\/fr\/le-domaine\/","title":{"rendered":"LA FAMILLE NEGREL"},"content":{"rendered":" \n<div class=\"ux-slider-wrapper relative\">\n    <div class=\"ux-slider iosSlider  slider-style-normal  slider-nav-dark slider-nav-inside slider-nav-circle js-flickity\" \n        data-flickity-options='{ \n            \"cellAlign\": \"center\",\n            \"imagesLoaded\": true,\n            \"lazyLoad\": 1,\n            \"freeScroll\": false,\n            \"wrapAround\": true,\n            \"autoPlay\": 4500,\n            \"prevNextButtons\": true,\n            \"contain\" : true,\n            \"percentPosition\": true,\n            \"pageDots\": true,\n            \"selectedAttraction\" : 0.1,\n            \"friction\": 0.6,\n            \"rightToLeft\": false,\n            \"draggable\": true        }'\n        style=\"\"\n        >\n        <p><img loading=\"lazy\" decoding=\"async\" class=\"aligncenter wp-image-507 size-full\" src=\"http:\/\/www.masdecadenet.fr\/wp-content\/uploads\/2016\/11\/gaston.jeanne2.jpg\" alt=\"gaston-jeanne2\" width=\"1600\" height=\"600\" srcset=\"https:\/\/www.masdecadenet.fr\/wp-content\/uploads\/2016\/11\/gaston.jeanne2.jpg 1600w, https:\/\/www.masdecadenet.fr\/wp-content\/uploads\/2016\/11\/gaston.jeanne2-600x225.jpg 600w, https:\/\/www.masdecadenet.fr\/wp-content\/uploads\/2016\/11\/gaston.jeanne2-800x300.jpg 800w, https:\/\/www.masdecadenet.fr\/wp-content\/uploads\/2016\/11\/gaston.jeanne2-768x288.jpg 768w\" sizes=\"auto, (max-width: 1600px) 100vw, 1600px\" \/><\/p>\n<p><img loading=\"lazy\" decoding=\"async\" class=\"aligncenter wp-image-506 size-full\" src=\"http:\/\/www.masdecadenet.fr\/wp-content\/uploads\/2016\/11\/gaston.jeanne.jpg\" alt=\"gaston-jeanne\" width=\"1600\" height=\"600\" srcset=\"https:\/\/www.masdecadenet.fr\/wp-content\/uploads\/2016\/11\/gaston.jeanne.jpg 1600w, https:\/\/www.masdecadenet.fr\/wp-content\/uploads\/2016\/11\/gaston.jeanne-600x225.jpg 600w, https:\/\/www.masdecadenet.fr\/wp-content\/uploads\/2016\/11\/gaston.jeanne-800x300.jpg 800w, https:\/\/www.masdecadenet.fr\/wp-content\/uploads\/2016\/11\/gaston.jeanne-768x288.jpg 768w\" sizes=\"auto, (max-width: 1600px) 100vw, 1600px\" \/><\/p>\n<p><img loading=\"lazy\" decoding=\"async\" class=\"aligncenter wp-image-475 size-full\" src=\"http:\/\/www.masdecadenet.fr\/wp-content\/uploads\/2016\/11\/ancien.vendange.jpg\" alt=\"ancien-vendange\" width=\"1600\" height=\"600\" srcset=\"https:\/\/www.masdecadenet.fr\/wp-content\/uploads\/2016\/11\/ancien.vendange.jpg 1600w, https:\/\/www.masdecadenet.fr\/wp-content\/uploads\/2016\/11\/ancien.vendange-600x225.jpg 600w, https:\/\/www.masdecadenet.fr\/wp-content\/uploads\/2016\/11\/ancien.vendange-800x300.jpg 800w, https:\/\/www.masdecadenet.fr\/wp-content\/uploads\/2016\/11\/ancien.vendange-768x288.jpg 768w\" sizes=\"auto, (max-width: 1600px) 100vw, 1600px\" \/><\/p>\n<p><img loading=\"lazy\" decoding=\"async\" class=\"alignnone wp-image-2538 size-full\" src=\"https:\/\/www.masdecadenet.fr\/wp-content\/uploads\/2024\/11\/Mas-de-Cadenet-BD-030-e1730587602922.jpg\" alt=\"\" width=\"1600\" height=\"600\" srcset=\"https:\/\/www.masdecadenet.fr\/wp-content\/uploads\/2024\/11\/Mas-de-Cadenet-BD-030-e1730587602922.jpg 1600w, https:\/\/www.masdecadenet.fr\/wp-content\/uploads\/2024\/11\/Mas-de-Cadenet-BD-030-e1730587602922-700x263.jpg 700w, https:\/\/www.masdecadenet.fr\/wp-content\/uploads\/2024\/11\/Mas-de-Cadenet-BD-030-e1730587602922-1500x563.jpg 1500w, https:\/\/www.masdecadenet.fr\/wp-content\/uploads\/2024\/11\/Mas-de-Cadenet-BD-030-e1730587602922-768x288.jpg 768w, https:\/\/www.masdecadenet.fr\/wp-content\/uploads\/2024\/11\/Mas-de-Cadenet-BD-030-e1730587602922-1536x576.jpg 1536w, https:\/\/www.masdecadenet.fr\/wp-content\/uploads\/2024\/11\/Mas-de-Cadenet-BD-030-e1730587602922-600x225.jpg 600w\" sizes=\"auto, (max-width: 1600px) 100vw, 1600px\" \/><\/p>\n<p><img loading=\"lazy\" decoding=\"async\" class=\"aligncenter wp-image-521 size-full\" src=\"http:\/\/www.masdecadenet.fr\/wp-content\/uploads\/2016\/11\/millesime2.jpg\" alt=\"millesime2\" width=\"1600\" height=\"600\" srcset=\"https:\/\/www.masdecadenet.fr\/wp-content\/uploads\/2016\/11\/millesime2.jpg 1600w, https:\/\/www.masdecadenet.fr\/wp-content\/uploads\/2016\/11\/millesime2-600x225.jpg 600w, https:\/\/www.masdecadenet.fr\/wp-content\/uploads\/2016\/11\/millesime2-800x300.jpg 800w, https:\/\/www.masdecadenet.fr\/wp-content\/uploads\/2016\/11\/millesime2-768x288.jpg 768w\" sizes=\"auto, (max-width: 1600px) 100vw, 1600px\" \/><\/p>\n     <\/div>\n    <div class=\"ux-loading dark\"><\/div>\n<\/div><!-- .ux-slider-wrapper -->\n\n\n<hr \/>\n<p>Le Mas de Cadenet est nich\u00e9 dans un \u00e9crin exceptionnel, un paysage de garrigues au pied de la montagne Sainte-Victoire, \u00e0 deux pas d\u2019Aix en Provence. Ici, le panorama inspire la joie et la douceur de vivre. Pour la petite histoire,\u00a0Mas de Cadenet signifie en\u00a0proven\u00e7al \u00ab\u00a0Domaine plant\u00e9 de Cade\u00a0\u00bb. Cet arbuste gen\u00e9vrier typique de nos collines colore tous les chemins du domaine.<br \/>\nLe c\u0153ur de la famille Negrel bat ici depuis 1813. Sept g\u00e9n\u00e9rations se sont transmis ce terroir mais surtout une passion\u00a0; faisant d\u2019elle aujourd\u2019hui, l\u2019une des plus anciennes familles vigneronnes de Provence.<\/p>\n<p>Le domaine \u00e9labore 70% de ros\u00e9, 15% de rouge, 15% de blanc. Grenache, Cinsault, Rolle, Syrah repr\u00e9sentent l\u2019enc\u00e9pagement du domaine.<br \/>\nAfin de restituer le plus justement les singularit\u00e9s de ce terroir, plusieurs cuv\u00e9es sont \u00e9labor\u00e9es en fonction de la nature des sols, l\u2019\u00e2ge des vignes et leur potentiel. Cette d\u00e9marche tr\u00e8s en amont apporte \u00e0 chaque cuv\u00e9e un style pr\u00e9cis et affirm\u00e9.<br \/>\nLes vins ros\u00e9 sont d\u00e9licats privil\u00e9giant la min\u00e9ralit\u00e9; les vins blanc sont originaux, issus du c\u00e9page proven\u00e7al Rolle; et les vins rouges sont profonds avec une fra\u00eecheur peu commune en Provence.<\/p>\n<p>L\u2019excellente r\u00e9putation des vins du domaine font du Mas de Cadenet un domaine incontournable en Provence.<\/p>\n","protected":false},"excerpt":{"rendered":"<p>Le Mas de Cadenet est nich\u00e9 dans un \u00e9crin exceptionnel, un paysage de garrigues au pied de la montagne Sainte-Victoire, \u00e0 deux pas d\u2019Aix en Provence. Ici, le panorama inspire la joie et la douceur de vivre. Pour la petite histoire,\u00a0Mas de Cadenet signifie en\u00a0proven\u00e7al \u00ab\u00a0Domaine plant\u00e9 de Cade\u00a0\u00bb. Cet arbuste gen\u00e9vrier typique de nos [&hellip;]\n","protected":false},"author":1,"featured_media":0,"parent":0,"menu_order":0,"comment_status":"closed","ping_status":"closed","template":"","meta":{"footnotes":""},"class_list":["post-12","page","type-page","status-publish","hentry"],"_links":{"self":[{"href":"https:\/\/www.masdecadenet.fr\/index.php\/wp-json\/wp\/v2\/pages\/12","targetHints":{"allow":["GET"]}}],"collection":[{"href":"https:\/\/www.masdecadenet.fr\/index.php\/wp-json\/wp\/v2\/pages"}],"about":[{"href":"https:\/\/www.masdecadenet.fr\/index.php\/wp-json\/wp\/v2\/types\/page"}],"author":[{"embeddable":true,"href":"https:\/\/www.masdecadenet.fr\/index.php\/wp-json\/wp\/v2\/users\/1"}],"replies":[{"embeddable":true,"href":"https:\/\/www.masdecadenet.fr\/index.php\/wp-json\/wp\/v2\/comments?post=12"}],"version-history":[{"count":23,"href":"https:\/\/www.masdecadenet.fr\/index.php\/wp-json\/wp\/v2\/pages\/12\/revisions"}],"predecessor-version":[{"id":2549,"href":"https:\/\/www.masdecadenet.fr\/index.php\/wp-json\/wp\/v2\/pages\/12\/revisions\/2549"}],"wp:attachment":[{"href":"https:\/\/www.masdecadenet.fr\/index.php\/wp-json\/wp\/v2\/media?parent=12"}],"curies":[{"name":"wp","href":"https:\/\/api.w.org\/{rel}","templated":true}]}}