{"id":35,"date":"2016-06-30T10:04:19","date_gmt":"2016-06-30T09:04:19","guid":{"rendered":"http:\/\/www.masdecadenet.fr\/?page_id=35"},"modified":"2017-01-11T23:01:42","modified_gmt":"2017-01-11T22:01:42","slug":"la-culture-biologique","status":"publish","type":"page","link":"https:\/\/www.masdecadenet.fr\/index.php\/fr\/la-culture-biologique\/","title":{"rendered":"LA CULTURE BIOLOGIQUE"},"content":{"rendered":"   <div id=\"banner_2087385177\" class=\"ux_banner dark    \"  style=\"height:300px; \" data-height=\"300px\" role=\"banner\">\n                                  <div class=\"banner-bg \"  style=\"background-image:url('https:\/\/www.masdecadenet.fr\/wp-content\/uploads\/2016\/11\/barrique.jpg'); \"><img decoding=\"async\" src=\"https:\/\/www.masdecadenet.fr\/wp-content\/uploads\/2016\/11\/barrique.jpg\"  alt=\"\" style=\"visibility:hidden;\" \/><\/div>\n                             <div class=\"row\" >\n          <div class=\"inner right center text-right \"  style=\"width:40%;\">\n            <div class=\"inner-wrap \" style=\" \">\n              <h4 class=\"thin-font\">&#8220;NOUS N\u2019H\u00c9RITONS PAS DE LA TERRE DE NOS PARENTS, NOUS L&#8217;EMPRUNTONS A NOS ENFANTS&#8221;<\/h4>\n            <\/div>\n          <\/div>  \n        <\/div>\n                     <\/div><!-- end .ux_banner -->\n\n<hr \/>\n<p style=\"text-align: justify;\">La famille a l\u2019intime conviction que le bio est le moyen le plus appropri\u00e9 pour exprimer la min\u00e9ralit\u00e9 et les nuances de son terroir.<br \/>\nElle travaille la vigne avec respect afin que le terroir puisse livrer au vin toute sa finesse, sa densit\u00e9 et sa min\u00e9ralit\u00e9. Ses actions sont issues de r\u00e9flexions empiriques et un pragmatisme qui trouve son fondement dans l\u2019observation du vivant.<\/p>\n<p style=\"text-align: justify;\">La culture biologique est aussi une \u00e9thique qui vient du respect du travail accompli par les g\u00e9n\u00e9rations pass\u00e9es\u00a0et par amour des g\u00e9n\u00e9rations futures qui h\u00e9riteront de ces terres. La notion de &#8220;domaine familial&#8221; prend ici tout son sens.<br \/>\n&#8220;Nous n&#8217;h\u00e9ritons pas de la terre de nos parents, nous l&#8217;empruntons \u00e0 nos enfants&#8221;.<\/p>\n<p style=\"text-align: justify;\">La viticulture et la vinification sont ici certifi\u00e9es biologiques par le \u00ab\u00a0Bureau Veritas\u00a0\u00bb.<br \/>\nLe label implique un travail m\u00e9canique des sols, \u00a0des traitements biologiques pour la vigne, des fumures animales, le minimum d\u2019intrants dans le vin&#8230;<\/p>\n<p style=\"text-align: justify;\"><img loading=\"lazy\" decoding=\"async\" class=\"alignnone size-full wp-image-670\" src=\"http:\/\/www.masdecadenet.fr\/wp-content\/uploads\/2016\/07\/bio.HD_-1.jpg\" alt=\"bio-hd_\" width=\"236\" height=\"103\" \/><\/p>\n","protected":false},"excerpt":{"rendered":"<p>La famille a l\u2019intime conviction que le bio est le moyen le plus appropri\u00e9 pour exprimer la min\u00e9ralit\u00e9 et les nuances de son terroir. Elle travaille la vigne avec respect afin que le terroir puisse livrer au vin toute sa finesse, sa densit\u00e9 et sa min\u00e9ralit\u00e9. Ses actions sont issues de r\u00e9flexions empiriques et un [&hellip;]\n","protected":false},"author":1,"featured_media":0,"parent":0,"menu_order":0,"comment_status":"closed","ping_status":"closed","template":"","meta":{"footnotes":""},"class_list":["post-35","page","type-page","status-publish","hentry"],"_links":{"self":[{"href":"https:\/\/www.masdecadenet.fr\/index.php\/wp-json\/wp\/v2\/pages\/35","targetHints":{"allow":["GET"]}}],"collection":[{"href":"https:\/\/www.masdecadenet.fr\/index.php\/wp-json\/wp\/v2\/pages"}],"about":[{"href":"https:\/\/www.masdecadenet.fr\/index.php\/wp-json\/wp\/v2\/types\/page"}],"author":[{"embeddable":true,"href":"https:\/\/www.masdecadenet.fr\/index.php\/wp-json\/wp\/v2\/users\/1"}],"replies":[{"embeddable":true,"href":"https:\/\/www.masdecadenet.fr\/index.php\/wp-json\/wp\/v2\/comments?post=35"}],"version-history":[{"count":44,"href":"https:\/\/www.masdecadenet.fr\/index.php\/wp-json\/wp\/v2\/pages\/35\/revisions"}],"predecessor-version":[{"id":598,"href":"https:\/\/www.masdecadenet.fr\/index.php\/wp-json\/wp\/v2\/pages\/35\/revisions\/598"}],"wp:attachment":[{"href":"https:\/\/www.masdecadenet.fr\/index.php\/wp-json\/wp\/v2\/media?parent=35"}],"curies":[{"name":"wp","href":"https:\/\/api.w.org\/{rel}","templated":true}]}}