{"id":71,"date":"2016-06-30T10:43:18","date_gmt":"2016-06-30T09:43:18","guid":{"rendered":"http:\/\/www.masdecadenet.fr\/?page_id=71"},"modified":"2022-04-08T14:33:02","modified_gmt":"2022-04-08T13:33:02","slug":"contact","status":"publish","type":"page","link":"https:\/\/www.masdecadenet.fr\/index.php\/fr\/contact\/","title":{"rendered":"CONTACT"},"content":{"rendered":"<div class=\"wp-block-image\">\n<figure class=\"aligncenter\"><img loading=\"lazy\" decoding=\"async\" width=\"1600\" height=\"600\" src=\"http:\/\/www.masdecadenet.fr\/wp-content\/uploads\/2016\/06\/arcenciel.jpg\" alt=\"arcenciel\" class=\"wp-image-831\" srcset=\"https:\/\/www.masdecadenet.fr\/wp-content\/uploads\/2016\/06\/arcenciel.jpg 1600w, https:\/\/www.masdecadenet.fr\/wp-content\/uploads\/2016\/06\/arcenciel-600x225.jpg 600w, https:\/\/www.masdecadenet.fr\/wp-content\/uploads\/2016\/06\/arcenciel-800x300.jpg 800w, https:\/\/www.masdecadenet.fr\/wp-content\/uploads\/2016\/06\/arcenciel-768x288.jpg 768w\" sizes=\"auto, (max-width: 1600px) 100vw, 1600px\" \/><\/figure>\n<\/div>\n<hr class=\"wp-block-separator\"\/>\n\t<div  class=\"row container \">\n<div class=\"small-12    large-4  columns   \"  ><div class=\"column-inner\"  >\n<p class=\"p2\"><b>ADRESSE<br \/>\n<\/b>EARL Mas de Cadenet N\u00e9grel<br \/>\nChemin d\u00e9partemental 57<br \/>\nF-13530 TRETS EN PROVENCE<br \/>\nFRANCE<\/p>\n<p class=\"p2\"><strong>TELEPHONE<\/strong><br \/>\n00 33 (0)4 42 29 21 59<\/p>\n<p class=\"p2\"><span class=\"s1\"><strong>EMAIL<br \/>\n<\/strong><\/span><span class=\"s1\"><a href=\"mailto:famillenegrel@masdecadenet.fr\">famillenegrel@masdecadenet.fr<\/a><br \/>\n<\/span><\/p>\n<p class=\"p3\"><b>HORAIRES D&rsquo;OUVERTURE<\/b><br \/>\n 10h00 \u00e0 12h30 \/ 14h00 \u00e0 18h00<br \/>\nOctobre \u00e0 Mars :<br \/>\nOuvert en semaine. Ferm\u00e9 le week-end et les jours f\u00e9ri\u00e9s<br \/>\nAvril \u00e0 Septembre :<br \/>\nOuvert du lundi au samedi. Ferm\u00e9 le dimanche et les jours f\u00e9ri\u00e9s.<\/p>\n<\/div><\/div>\n<div class=\"small-12    large-8  columns   \"  ><div class=\"column-inner\"  >\n<p><iframe loading=\"lazy\" style=\"border: 0;\" src=\"https:\/\/www.google.com\/maps\/embed?pb=!1m14!1m8!1m3!1d11580.92321154184!2d5.6614244!3d43.4766535!3m2!1i1024!2i768!4f13.1!3m3!1m2!1s0x0%3A0x77f5ab7dfc3b92a1!2sMas+de+Cadenet+N%C3%A9grel!5e0!3m2!1sfr!2sfr!4v1479932477955\" width=\"600\" height=\"450\" frameborder=\"0\" allowfullscreen=\"allowfullscreen\"><\/iframe><\/p>\n<\/div><\/div>\n<\/div>\n  \n","protected":false},"excerpt":{"rendered":"","protected":false},"author":1,"featured_media":0,"parent":0,"menu_order":0,"comment_status":"closed","ping_status":"closed","template":"","meta":{"footnotes":""},"class_list":["post-71","page","type-page","status-publish","hentry"],"_links":{"self":[{"href":"https:\/\/www.masdecadenet.fr\/index.php\/wp-json\/wp\/v2\/pages\/71","targetHints":{"allow":["GET"]}}],"collection":[{"href":"https:\/\/www.masdecadenet.fr\/index.php\/wp-json\/wp\/v2\/pages"}],"about":[{"href":"https:\/\/www.masdecadenet.fr\/index.php\/wp-json\/wp\/v2\/types\/page"}],"author":[{"embeddable":true,"href":"https:\/\/www.masdecadenet.fr\/index.php\/wp-json\/wp\/v2\/users\/1"}],"replies":[{"embeddable":true,"href":"https:\/\/www.masdecadenet.fr\/index.php\/wp-json\/wp\/v2\/comments?post=71"}],"version-history":[{"count":14,"href":"https:\/\/www.masdecadenet.fr\/index.php\/wp-json\/wp\/v2\/pages\/71\/revisions"}],"predecessor-version":[{"id":2381,"href":"https:\/\/www.masdecadenet.fr\/index.php\/wp-json\/wp\/v2\/pages\/71\/revisions\/2381"}],"wp:attachment":[{"href":"https:\/\/www.masdecadenet.fr\/index.php\/wp-json\/wp\/v2\/media?parent=71"}],"curies":[{"name":"wp","href":"https:\/\/api.w.org\/{rel}","templated":true}]}}