{"id":720,"date":"2016-11-28T17:24:18","date_gmt":"2016-11-28T16:24:18","guid":{"rendered":"http:\/\/www.masdecadenet.fr\/?page_id=720"},"modified":"2021-08-20T18:06:40","modified_gmt":"2021-08-20T17:06:40","slug":"grande-garde","status":"publish","type":"page","link":"https:\/\/www.masdecadenet.fr\/index.php\/fr\/grande-garde\/","title":{"rendered":"GRANDE GARDE"},"content":{"rendered":"<div class=\"wp-block-cover has-background-dim-10 has-background-dim\"><img decoding=\"async\" class=\"wp-block-cover__image-background wp-image-1586\" alt=\"\" src=\"http:\/\/www.masdecadenet.fr\/wp-content\/uploads\/2020\/02\/Mas-de-Cadenet-HD-051.jpg\" style=\"object-position:48% 58%\" data-object-fit=\"cover\" data-object-position=\"48% 58%\"\/><\/p>\n<div class=\"wp-block-cover__inner-container is-layout-flow wp-block-cover-is-layout-flow\">\n<h1 class=\"wp-block-heading\">LA QUINTESSENCE DE NOTRE TRAVAIL<\/h1>\n<p class=\"has-very-dark-gray-color has-very-light-gray-background-color has-text-color has-background\">Issu d\u2019un travail minutieux \u00e0 la vigne comme \u00e0 la cave, cette cuv\u00e9e offre de sublimes vins gastronomiques au grand potentiel de garde. Cette cuv\u00e9e est principalement propos\u00e9e \u00e0 la carte de restaurants gastronomiques et \u00e9toil\u00e9s Michelin. A l\u2019image de leur cuisine, cette cuv\u00e9e ambitieuse poss\u00e8de une forte personnalit\u00e9.<br \/>Ces vins rares sont \u00e0 la carte du: Petit Nice, G\u00e9rald Passedat ***, Ch\u00e2teau La Pioline, Pierre Reboul *, Le Saint Est\u00e8ve &#8211; Les Lodges, Julien Le Goff *, La Magdeleine, Mathias Dandine *, La Palme d\u2019Or &#8211; Le Martinez, Chrisitan Sinicropi **, pour ne citer qu\u2019eux et sans oublier bien d\u2019autres que nous appr\u00e9cions tant &#8230;<\/p>\n<div class=\"wp-block-image\">\n<figure class=\"alignright size-large is-resized\"><img loading=\"lazy\" decoding=\"async\" src=\"http:\/\/www.masdecadenet.fr\/wp-content\/uploads\/2016\/07\/bio.HD_-1.jpg\" alt=\"\" class=\"wp-image-670\" width=\"118\" height=\"52\"\/><\/figure>\n<\/div>\n<\/div>\n<\/div>\n<h3 class=\"wp-block-heading\">&nbsp;<\/h3>\n<p>row]\n<div class=\"small-12    large-4  columns   \"  ><div class=\"column-inner\"  >\n<h2 style=\"text-align: right;\">GRANDE GARDE ROSE<\/h2>\n<p><img loading=\"lazy\" decoding=\"async\" class=\"alignleft wp-image-1584 size-thumbnail\" src=\"http:\/\/www.masdecadenet.fr\/wp-content\/uploads\/2020\/02\/Mas-de-Cadenet-HD-074-340x340.jpg\" alt=\"\" width=\"340\" height=\"340\" srcset=\"https:\/\/www.masdecadenet.fr\/wp-content\/uploads\/2020\/02\/Mas-de-Cadenet-HD-074-340x340.jpg 340w, https:\/\/www.masdecadenet.fr\/wp-content\/uploads\/2020\/02\/Mas-de-Cadenet-HD-074-scaled-300x300.jpg 300w, https:\/\/www.masdecadenet.fr\/wp-content\/uploads\/2020\/02\/Mas-de-Cadenet-HD-074-scaled-100x100.jpg 100w\" sizes=\"auto, (max-width: 340px) 100vw, 340px\" \/><\/p>\n<\/div><\/div>\n<div class=\"small-12    large-8  columns   \"  ><div class=\"column-inner\"  >\n<p style=\"text-align: justify;\"><strong>LE STYLE<br \/>\n<\/strong>Souvent consid\u00e9r\u00e9 comme tr\u00e8s original, cette cuv\u00e9e d\u00e9montre avant tout que le ros\u00e9 est aussi un grand vin capable de s\u2019\u00e9panouir dans le temps.<br \/>\nLa s\u00e9lection de raisin de vieilles vignes, le travail m\u00e9ticuleux en cave sur les lies et l\u2019oxyg\u00e9nation du vin apportent \u00e0 ce ros\u00e9 une texture fra\u00eeche et onctueuse port\u00e9e par une palette aromatique sur les fruits murs et les \u00e9pices (coing, mangue, orange sanguine, noix muscade, pain d\u2019\u00e9pice, \u2026)<br \/>\nLa densit\u00e9 et longueur en bouche de ce vin l\u2019\u00e9loigne du registre de l\u2019ap\u00e9ritif. Ce ros\u00e9 trouve souvent sa place autour des plats en sauce mijot\u00e9s aussi bien que de grand classique&nbsp;: bouillabaisse, ratatouille, lasagne, gambas \u00e0 l\u2019armoricaine, &#8230;<\/p>\n<p style=\"text-align: justify;\"><b>LA D\u00c9GUSTATION<\/b><br \/>\nLe nez est complexe sur l\u2019orange, le coing, la noix muscade. En bouche, l\u2019attaque est puissante, riche en ar\u00f4mes, fin et onctueux.<br \/>\nRos\u00e9 gastronomique \u00e0 d\u00e9guster \u00e0 14\u00b0c. Potentiel de garde de 10 ans. <\/p>\n<p><b>LES C\u00c9PAGES<\/b><br \/>\n70% Grenache \u2013 30% Syrah<\/p>\n<h5 class=\"alt-font thin-font\" style=\"text-align: right;\"><a href=\"http:\/\/www.masdecadenet.fr\/wp-content\/uploads\/2020\/03\/FT_MasdeCadenet_GrandeGarde_rose_fr.pdf\" target=\"_blank\" rel=\"noopener noreferrer\">T\u00e9l\u00e9charger la fiche technique<\/a><\/h5>\n<\/div><\/div>\n[\/row]\n<hr class=\"wp-block-separator\"\/>\n\t<div  class=\"row container \">\n<div class=\"small-12    large-4  columns   \"  ><div class=\"column-inner\"  >\n<h2 style=\"text-align: right;\">GRANDE GARDE BLANC<\/h2>\n<p><img loading=\"lazy\" decoding=\"async\" class=\"alignnone wp-image-1585 size-thumbnail\" src=\"http:\/\/www.masdecadenet.fr\/wp-content\/uploads\/2020\/02\/Mas-de-Cadenet-HD-070-340x340.jpg\" alt=\"\" width=\"340\" height=\"340\" srcset=\"https:\/\/www.masdecadenet.fr\/wp-content\/uploads\/2020\/02\/Mas-de-Cadenet-HD-070-340x340.jpg 340w, https:\/\/www.masdecadenet.fr\/wp-content\/uploads\/2020\/02\/Mas-de-Cadenet-HD-070-scaled-300x300.jpg 300w, https:\/\/www.masdecadenet.fr\/wp-content\/uploads\/2020\/02\/Mas-de-Cadenet-HD-070-scaled-100x100.jpg 100w\" sizes=\"auto, (max-width: 340px) 100vw, 340px\" \/><\/p>\n<\/div><\/div>\n<div class=\"small-12    large-8  columns   \"  ><div class=\"column-inner\"  >\n<p style=\"text-align: justify;\"><strong>LE&nbsp;<\/strong><b>STYLE<br \/>\n<\/b>Si la fra\u00eecheur du terroir Sainte Victoire est toujours l\u00e0 pour porter le vin,&nbsp; les m\u00e9thodes de vinification et d\u2019\u00e9levage bourguignon misent en oeuvre apporte \u00e0 ce blanc de rolle une magnifique pr\u00e9sence.<br \/>\nOn retrouve dans cette cuv\u00e9e les caract\u00e8res du rolle&nbsp;; mais au-del\u00e0, on y d\u00e9couvre son \u00e9tonnante capacit\u00e9 \u00e0 s\u2019affiner. Le rolle est maintenant plus \u00e9toff\u00e9 sur des ar\u00f4mes floraux et de fruits secs.<\/p>\n<p style=\"text-align: justify;\"><b>LA D\u00c9GUSTATION<\/b><br \/>\nUn nez cire d\u2019abeille et floral. Bouche volumineuse aux ar\u00f4mes de citron, poire, cire d\u2019abeille. Dense, complexe et tr\u00e8s long en bouche. D\u00e9guster \u00e0 14\u00b0c.<\/p>\n<p style=\"text-align: justify;\"><b>LE C\u00c9PAGE<\/b><br \/>\n100% Rolle<\/p>\n<h5 class=\"alt-font thin-font\" style=\"text-align: right;\"><a href=\"http:\/\/www.masdecadenet.fr\/wp-content\/uploads\/2020\/03\/FT_MasdeCadenet_GrandeGarde_blanc_fr.pdf\" target=\"_blank\" rel=\"noopener noreferrer\">T\u00e9l\u00e9charger la fiche technique<\/a><\/h5>\n<\/div><\/div>\n<\/div>\n  \n<hr class=\"wp-block-separator\"\/>\n\t<div  class=\"row container \">\n<div class=\"small-12    large-4  columns   \"  ><div class=\"column-inner\"  >\n<h2 style=\"text-align: right;\">GRANDE GARDE ROUGE<\/h2>\n<p><img loading=\"lazy\" decoding=\"async\" class=\"alignnone wp-image-1586 size-thumbnail\" src=\"http:\/\/www.masdecadenet.fr\/wp-content\/uploads\/2020\/02\/Mas-de-Cadenet-HD-051-340x340.jpg\" alt=\"\" width=\"340\" height=\"340\" srcset=\"https:\/\/www.masdecadenet.fr\/wp-content\/uploads\/2020\/02\/Mas-de-Cadenet-HD-051-340x340.jpg 340w, https:\/\/www.masdecadenet.fr\/wp-content\/uploads\/2020\/02\/Mas-de-Cadenet-HD-051-scaled-300x300.jpg 300w, https:\/\/www.masdecadenet.fr\/wp-content\/uploads\/2020\/02\/Mas-de-Cadenet-HD-051-scaled-100x100.jpg 100w\" sizes=\"auto, (max-width: 340px) 100vw, 340px\" \/><\/p>\n<\/div><\/div>\n<div class=\"small-12    large-8  columns   \"  ><div class=\"column-inner\"  >\n<p style=\"text-align: justify;\"><strong>LE STYLE<br \/>\n<\/strong>Cette cuv\u00e9e est aujourd\u2019hui un grand classique, c\u2019est l\u2019un des tous premiers grands rouges \u00e0 avoir vu le jour en Provence.<br \/>\nLa s\u00e9lection des plus belles parcelles, des gestes soign\u00e9s en cave, un \u00e9levage attentif, tout est fait pour tirer la quintessence du domaine. Energie, concentration, soyeux, jus, tout y est\u2026<br \/>\nFranc et puissant dans sa jeunesse, il s\u2019allie avec \u00e9loquence sur des plats de longue cuisson. 10, 20, 30 ans passent et le vin ne faibli pas ; au contraire, il se complexifie et s\u2019affine. On l\u2019appr\u00e9ciera alors sur des viandes rouges rac\u00e9es aux cuissons ou grill plus l\u00e9ger.<\/p>\n<p style=\"text-align: justify;\"><b>LA D\u00c9GUSTATION<\/b><br \/>\nRobe fonc\u00e9e de velours grenat. Intense parfum complexe et \u00abfondu encha\u00een\u00e9\u00bb d\u2019\u00e9pices et de fruits noirs. Charnu, soyeux et long en bouche. Servir \u00e0 18\u00b0c. <\/p>\n<p style=\"text-align: justify;\"><strong>LES&nbsp;<\/strong><b>C\u00c9PAGES<\/b><br \/>\n60% Syrah &#8211; 40% Grenache<\/p>\n<h5 class=\"alt-font thin-font\" style=\"text-align: right;\"><a href=\"http:\/\/www.masdecadenet.fr\/wp-content\/uploads\/2020\/03\/FT_MasdeCadenet_GrandeGarde_rouge_fr.pdf\" target=\"_blank\" rel=\"noopener noreferrer\">T\u00e9l\u00e9charger la fiche technique<\/a><\/h5>\n<\/div><\/div>\n<\/div>\n  \n\n\t\t<div class=\"social-icons share-row\">\n\t\t\t\t<a href=\"whatsapp:\/\/send?text=GRANDE%2520GARDE%20-%20https%3A%2F%2Fwww.masdecadenet.fr%2Findex.php%2Ffr%2Fgrande-garde%2F\" data-action=\"share\/whatsapp\/share\" class=\"icon icon_whatsapp tip-top\" rel=\"nofollow\" title=\"Share on WhatsApp\"><span class=\"icon-phone\" \/><\/a>\t\t<a href=\"http:\/\/www.facebook.com\/sharer.php?u=https:\/\/www.masdecadenet.fr\/index.php\/fr\/grande-garde\/\" onclick=\"window.open(this.href,this.title,'width=500,height=500,top=300px,left=300px');  return false;\"  rel=\"nofollow\" target=\"_blank\" class=\"icon icon_facebook tip-top\" title=\"Share on Facebook\"><span class=\"icon-facebook\"><\/span><\/a>\t\t<a href=\"https:\/\/twitter.com\/share?url=https:\/\/www.masdecadenet.fr\/index.php\/fr\/grande-garde\/\" onclick=\"window.open(this.href,this.title,'width=500,height=500,top=300px,left=300px');  return false;\"  rel=\"nofollow\" target=\"_blank\" class=\"icon icon_twitter tip-top\" title=\"Share on Twitter\"><span class=\"icon-twitter\"><\/span><\/a>\t\t<a href=\"mailto:enteryour@addresshere.com?subject=GRANDE%20GARDE&amp;body=Check%20this%20out:%20https:\/\/www.masdecadenet.fr\/index.php\/fr\/grande-garde\/\" rel=\"nofollow\" class=\"icon icon_email tip-top\" title=\"Email to a Friend\"><span class=\"icon-envelop\"><\/span><\/a>\t\t<a href=\"\/\/www.linkedin.com\/shareArticle?mini=true&url=https:\/\/www.masdecadenet.fr\/index.php\/fr\/grande-garde\/&title=GRANDE%20GARDE\" onclick=\"window.open(this.href,this.title,'width=500,height=500,top=300px,left=300px');  return false;\"  rel=\"nofollow\" target=\"_blank\" class=\"icon icon_linkedin tip-top\" title=\"Share on LinkedIn\"><span class=\"icon-linkedin\"><\/span><\/a>\t\t<a href=\"\/\/pinterest.com\/pin\/create\/button\/?url=https:\/\/www.masdecadenet.fr\/index.php\/fr\/grande-garde\/&amp;media=&amp;description=GRANDE%20GARDE\" onclick=\"window.open(this.href,this.title,'width=500,height=500,top=300px,left=300px');  return false;\"  rel=\"nofollow\" target=\"_blank\" class=\"icon icon_pintrest tip-top\" title=\"Pin on Pinterest\"><span class=\"icon-pinterest\"><\/span><\/a>\t\t<a href=\"\/\/plus.google.com\/share?url=https:\/\/www.masdecadenet.fr\/index.php\/fr\/grande-garde\/\" target=\"_blank\" class=\"icon icon_googleplus tip-top\" onclick=\"window.open(this.href,this.title,'width=500,height=500,top=300px,left=300px');  return false;\"  rel=\"nofollow\" title=\"Share on Google+\"><span class=\"icon-google-plus\"><\/span><\/a>\t\t<a href=\"\/\/tumblr.com\/widgets\/share\/tool?canonicalUrl=https:\/\/www.masdecadenet.fr\/index.php\/fr\/grande-garde\/\" target=\"_blank\" class=\"icon icon_tumblr tip-top\" onclick=\"window.open(this.href,this.title,'width=500,height=500,top=300px,left=300px');  return false;\"  rel=\"nofollow\" title=\"Share on Tumblr\"><span class=\"icon-tumblr\"><\/span><\/a>\t\t    <\/div>\n\n    \n    \n","protected":false},"excerpt":{"rendered":"<p>&nbsp;<\/p>\n","protected":false},"author":1,"featured_media":0,"parent":0,"menu_order":0,"comment_status":"closed","ping_status":"closed","template":"","meta":{"footnotes":""},"class_list":["post-720","page","type-page","status-publish","hentry"],"_links":{"self":[{"href":"https:\/\/www.masdecadenet.fr\/index.php\/wp-json\/wp\/v2\/pages\/720","targetHints":{"allow":["GET"]}}],"collection":[{"href":"https:\/\/www.masdecadenet.fr\/index.php\/wp-json\/wp\/v2\/pages"}],"about":[{"href":"https:\/\/www.masdecadenet.fr\/index.php\/wp-json\/wp\/v2\/types\/page"}],"author":[{"embeddable":true,"href":"https:\/\/www.masdecadenet.fr\/index.php\/wp-json\/wp\/v2\/users\/1"}],"replies":[{"embeddable":true,"href":"https:\/\/www.masdecadenet.fr\/index.php\/wp-json\/wp\/v2\/comments?post=720"}],"version-history":[{"count":40,"href":"https:\/\/www.masdecadenet.fr\/index.php\/wp-json\/wp\/v2\/pages\/720\/revisions"}],"predecessor-version":[{"id":2364,"href":"https:\/\/www.masdecadenet.fr\/index.php\/wp-json\/wp\/v2\/pages\/720\/revisions\/2364"}],"wp:attachment":[{"href":"https:\/\/www.masdecadenet.fr\/index.php\/wp-json\/wp\/v2\/media?parent=720"}],"curies":[{"name":"wp","href":"https:\/\/api.w.org\/{rel}","templated":true}]}}

<div class="wp-block-cover has-background-dim-10 has-background-dim"><img decoding="async" class="wp-block-cover__image-background wp-image-1586" alt="" src="http://www.masdecadenet.fr/wp-content/uploads/2020/02/Mas-de-Cadenet-HD-051.jpg" style="object-position:48% 58%" data-object-fit="cover" data-object-position="48% 58%"/></p>
<div class="wp-block-cover__inner-container is-layout-flow wp-block-cover-is-layout-flow">
<h1 class="wp-block-heading">LA QUINTESSENCE DE NOTRE TRAVAIL</h1>
<p class="has-very-dark-gray-color has-very-light-gray-background-color has-text-color has-background">Issu d’un travail minutieux à la vigne comme à la cave, cette cuvée offre de sublimes vins gastronomiques au grand potentiel de garde. Cette cuvée est principalement proposée à la carte de restaurants gastronomiques et étoilés Michelin. A l’image de leur cuisine, cette cuvée ambitieuse possède une forte personnalité.<br />Ces vins rares sont à la carte du: Petit Nice, Gérald Passedat ***, Château La Pioline, Pierre Reboul *, Le Saint Estève &#8211; Les Lodges, Julien Le Goff *, La Magdeleine, Mathias Dandine *, La Palme d’Or &#8211; Le Martinez, Chrisitan Sinicropi **, pour ne citer qu’eux et sans oublier bien d’autres que nous apprécions tant &#8230;</p>
<div class="wp-block-image">
<figure class="alignright size-large is-resized"><img loading="lazy" decoding="async" src="http://www.masdecadenet.fr/wp-content/uploads/2016/07/bio.HD_-1.jpg" alt="" class="wp-image-670" width="118" height="52"/></figure>
</div>
</div>
</div>
<h3 class="wp-block-heading">&nbsp;</h3>
<p>row]
<div class="small-12    large-4  columns   "  ><div class="column-inner"  >
<h2 style="text-align: right;">GRANDE GARDE ROSE</h2>
<p><img loading="lazy" decoding="async" class="alignleft wp-image-1584 size-thumbnail" src="http://www.masdecadenet.fr/wp-content/uploads/2020/02/Mas-de-Cadenet-HD-074-340x340.jpg" alt="" width="340" height="340" srcset="https://www.masdecadenet.fr/wp-content/uploads/2020/02/Mas-de-Cadenet-HD-074-340x340.jpg 340w, https://www.masdecadenet.fr/wp-content/uploads/2020/02/Mas-de-Cadenet-HD-074-scaled-300x300.jpg 300w, https://www.masdecadenet.fr/wp-content/uploads/2020/02/Mas-de-Cadenet-HD-074-scaled-100x100.jpg 100w" sizes="auto, (max-width: 340px) 100vw, 340px" /></p>
</div></div>
<div class="small-12    large-8  columns   "  ><div class="column-inner"  >
<p style="text-align: justify;"><strong>LE STYLE<br />
</strong>Souvent considéré comme très original, cette cuvée démontre avant tout que le rosé est aussi un grand vin capable de s’épanouir dans le temps.<br />
La sélection de raisin de vieilles vignes, le travail méticuleux en cave sur les lies et l’oxygénation du vin apportent à ce rosé une texture fraîche et onctueuse portée par une palette aromatique sur les fruits murs et les épices (coing, mangue, orange sanguine, noix muscade, pain d’épice, …)<br />
La densité et longueur en bouche de ce vin l’éloigne du registre de l’apéritif. Ce rosé trouve souvent sa place autour des plats en sauce mijotés aussi bien que de grand classique&nbsp;: bouillabaisse, ratatouille, lasagne, gambas à l’armoricaine, &#8230;</p>
<p style="text-align: justify;"><b>LA DÉGUSTATION</b><br />
Le nez est complexe sur l’orange, le coing, la noix muscade. En bouche, l’attaque est puissante, riche en arômes, fin et onctueux.<br />
Rosé gastronomique à déguster à 14°c. Potentiel de garde de 10 ans. </p>
<p><b>LES CÉPAGES</b><br />
70% Grenache – 30% Syrah</p>
<h5 class="alt-font thin-font" style="text-align: right;"><a href="http://www.masdecadenet.fr/wp-content/uploads/2020/03/FT_MasdeCadenet_GrandeGarde_rose_fr.pdf" target="_blank" rel="noopener noreferrer">Télécharger la fiche technique</a></h5>
</div></div>
[/row]
<hr class="wp-block-separator"/>
	<div  class="row container ">
<div class="small-12    large-4  columns   "  ><div class="column-inner"  >
<h2 style="text-align: right;">GRANDE GARDE BLANC</h2>
<p><img loading="lazy" decoding="async" class="alignnone wp-image-1585 size-thumbnail" src="http://www.masdecadenet.fr/wp-content/uploads/2020/02/Mas-de-Cadenet-HD-070-340x340.jpg" alt="" width="340" height="340" srcset="https://www.masdecadenet.fr/wp-content/uploads/2020/02/Mas-de-Cadenet-HD-070-340x340.jpg 340w, https://www.masdecadenet.fr/wp-content/uploads/2020/02/Mas-de-Cadenet-HD-070-scaled-300x300.jpg 300w, https://www.masdecadenet.fr/wp-content/uploads/2020/02/Mas-de-Cadenet-HD-070-scaled-100x100.jpg 100w" sizes="auto, (max-width: 340px) 100vw, 340px" /></p>
</div></div>
<div class="small-12    large-8  columns   "  ><div class="column-inner"  >
<p style="text-align: justify;"><strong>LE&nbsp;</strong><b>STYLE<br />
</b>Si la fraîcheur du terroir Sainte Victoire est toujours là pour porter le vin,&nbsp; les méthodes de vinification et d’élevage bourguignon misent en oeuvre apporte à ce blanc de rolle une magnifique présence.<br />
On retrouve dans cette cuvée les caractères du rolle&nbsp;; mais au-delà, on y découvre son étonnante capacité à s’affiner. Le rolle est maintenant plus étoffé sur des arômes floraux et de fruits secs.</p>
<p style="text-align: justify;"><b>LA DÉGUSTATION</b><br />
Un nez cire d’abeille et floral. Bouche volumineuse aux arômes de citron, poire, cire d’abeille. Dense, complexe et très long en bouche. Déguster à 14°c.</p>
<p style="text-align: justify;"><b>LE CÉPAGE</b><br />
100% Rolle</p>
<h5 class="alt-font thin-font" style="text-align: right;"><a href="http://www.masdecadenet.fr/wp-content/uploads/2020/03/FT_MasdeCadenet_GrandeGarde_blanc_fr.pdf" target="_blank" rel="noopener noreferrer">Télécharger la fiche technique</a></h5>
</div></div>
</div>
  
<hr class="wp-block-separator"/>
	<div  class="row container ">
<div class="small-12    large-4  columns   "  ><div class="column-inner"  >
<h2 style="text-align: right;">GRANDE GARDE ROUGE</h2>
<p><img loading="lazy" decoding="async" class="alignnone wp-image-1586 size-thumbnail" src="http://www.masdecadenet.fr/wp-content/uploads/2020/02/Mas-de-Cadenet-HD-051-340x340.jpg" alt="" width="340" height="340" srcset="https://www.masdecadenet.fr/wp-content/uploads/2020/02/Mas-de-Cadenet-HD-051-340x340.jpg 340w, https://www.masdecadenet.fr/wp-content/uploads/2020/02/Mas-de-Cadenet-HD-051-scaled-300x300.jpg 300w, https://www.masdecadenet.fr/wp-content/uploads/2020/02/Mas-de-Cadenet-HD-051-scaled-100x100.jpg 100w" sizes="auto, (max-width: 340px) 100vw, 340px" /></p>
</div></div>
<div class="small-12    large-8  columns   "  ><div class="column-inner"  >
<p style="text-align: justify;"><strong>LE STYLE<br />
</strong>Cette cuvée est aujourd’hui un grand classique, c’est l’un des tous premiers grands rouges à avoir vu le jour en Provence.<br />
La sélection des plus belles parcelles, des gestes soignés en cave, un élevage attentif, tout est fait pour tirer la quintessence du domaine. Energie, concentration, soyeux, jus, tout y est…<br />
Franc et puissant dans sa jeunesse, il s’allie avec éloquence sur des plats de longue cuisson. 10, 20, 30 ans passent et le vin ne faibli pas ; au contraire, il se complexifie et s’affine. On l’appréciera alors sur des viandes rouges racées aux cuissons ou grill plus léger.</p>
<p style="text-align: justify;"><b>LA DÉGUSTATION</b><br />
Robe foncée de velours grenat. Intense parfum complexe et «fondu enchaîné» d’épices et de fruits noirs. Charnu, soyeux et long en bouche. Servir à 18°c. </p>
<p style="text-align: justify;"><strong>LES&nbsp;</strong><b>CÉPAGES</b><br />
60% Syrah &#8211; 40% Grenache</p>
<h5 class="alt-font thin-font" style="text-align: right;"><a href="http://www.masdecadenet.fr/wp-content/uploads/2020/03/FT_MasdeCadenet_GrandeGarde_rouge_fr.pdf" target="_blank" rel="noopener noreferrer">Télécharger la fiche technique</a></h5>
</div></div>
</div>
  

		<div class="social-icons share-row">
				<a href="whatsapp://send?text=GRANDE%2520GARDE%20-%20https%3A%2F%2Fwww.masdecadenet.fr%2Findex.php%2Ffr%2Fgrande-garde%2F" data-action="share/whatsapp/share" class="icon icon_whatsapp tip-top" rel="nofollow" title="Share on WhatsApp"><span class="icon-phone" /></a>		<a href="http://www.facebook.com/sharer.php?u=https://www.masdecadenet.fr/index.php/fr/grande-garde/" onclick="window.open(this.href,this.title,'width=500,height=500,top=300px,left=300px');  return false;"  rel="nofollow" target="_blank" class="icon icon_facebook tip-top" title="Share on Facebook"><span class="icon-facebook"></span></a>		<a href="https://twitter.com/share?url=https://www.masdecadenet.fr/index.php/fr/grande-garde/" onclick="window.open(this.href,this.title,'width=500,height=500,top=300px,left=300px');  return false;"  rel="nofollow" target="_blank" class="icon icon_twitter tip-top" title="Share on Twitter"><span class="icon-twitter"></span></a>		<a href="mailto:enteryour@addresshere.com?subject=GRANDE%20GARDE&amp;body=Check%20this%20out:%20https://www.masdecadenet.fr/index.php/fr/grande-garde/" rel="nofollow" class="icon icon_email tip-top" title="Email to a Friend"><span class="icon-envelop"></span></a>		<a href="//www.linkedin.com/shareArticle?mini=true&url=https://www.masdecadenet.fr/index.php/fr/grande-garde/&title=GRANDE%20GARDE" onclick="window.open(this.href,this.title,'width=500,height=500,top=300px,left=300px');  return false;"  rel="nofollow" target="_blank" class="icon icon_linkedin tip-top" title="Share on LinkedIn"><span class="icon-linkedin"></span></a>		<a href="//pinterest.com/pin/create/button/?url=https://www.masdecadenet.fr/index.php/fr/grande-garde/&amp;media=&amp;description=GRANDE%20GARDE" onclick="window.open(this.href,this.title,'width=500,height=500,top=300px,left=300px');  return false;"  rel="nofollow" target="_blank" class="icon icon_pintrest tip-top" title="Pin on Pinterest"><span class="icon-pinterest"></span></a>		<a href="//plus.google.com/share?url=https://www.masdecadenet.fr/index.php/fr/grande-garde/" target="_blank" class="icon icon_googleplus tip-top" onclick="window.open(this.href,this.title,'width=500,height=500,top=300px,left=300px');  return false;"  rel="nofollow" title="Share on Google+"><span class="icon-google-plus"></span></a>		<a href="//tumblr.com/widgets/share/tool?canonicalUrl=https://www.masdecadenet.fr/index.php/fr/grande-garde/" target="_blank" class="icon icon_tumblr tip-top" onclick="window.open(this.href,this.title,'width=500,height=500,top=300px,left=300px');  return false;"  rel="nofollow" title="Share on Tumblr"><span class="icon-tumblr"></span></a>		    </div>
