{"id":80,"date":"2016-06-30T10:46:02","date_gmt":"2016-06-30T09:46:02","guid":{"rendered":"http:\/\/www.masdecadenet.fr\/?page_id=80"},"modified":"2020-12-17T16:34:41","modified_gmt":"2020-12-17T15:34:41","slug":"la-boutique-du-domaine","status":"publish","type":"page","link":"https:\/\/www.masdecadenet.fr\/index.php\/fr\/la-boutique-du-domaine\/","title":{"rendered":"LA BOUTIQUE DU DOMAINE"},"content":{"rendered":"<p><img loading=\"lazy\" decoding=\"async\" class=\"aligncenter wp-image-482 size-full\" src=\"http:\/\/www.masdecadenet.fr\/wp-content\/uploads\/2016\/11\/boutique.jpg\" alt=\"boutique\" width=\"1600\" height=\"600\" srcset=\"https:\/\/www.masdecadenet.fr\/wp-content\/uploads\/2016\/11\/boutique.jpg 1600w, https:\/\/www.masdecadenet.fr\/wp-content\/uploads\/2016\/11\/boutique-600x225.jpg 600w, https:\/\/www.masdecadenet.fr\/wp-content\/uploads\/2016\/11\/boutique-800x300.jpg 800w, https:\/\/www.masdecadenet.fr\/wp-content\/uploads\/2016\/11\/boutique-768x288.jpg 768w\" sizes=\"auto, (max-width: 1600px) 100vw, 1600px\" \/><\/p>\n<hr \/>\n<p>Nous vous accueillions au sein de notre\u00a0vignoble pour vous faire d\u00e9guster nos vins.<br \/>\nLa boutique est ouverte tous les jours 9h00 \u00e0 12h30 &amp; 14h00 \u00e0 18h00 sauf le dimanche et les jours f\u00e9ri\u00e9s.<br \/>\nNous vous renseignerons avec plaisir sur nos vins, sur les alliances mets et vins&#8230;<\/p>\n<p>Nous organisons aussi des\u00a0visites le domaine; <a href=\"http:\/\/www.masdecadenet.fr\/index.php\/visite-du-domaine\/\">plus de renseignements<\/a>&#8230;<\/p>\n<h6 style=\"text-align: right;\"><a class=\"thin-font\" href=\"http:\/\/www.masdecadenet.fr\/planacces.pdf\" target=\"_blank\" rel=\"noopener\">T\u00e9l\u00e9charger notre plan d&rsquo;acc\u00e8s<\/a><\/h6>\n<p style=\"text-align: right;\"><iframe loading=\"lazy\" style=\"border: 0;\" src=\"https:\/\/www.google.com\/maps\/embed?pb=!1m14!1m8!1m3!1d11580.92321154184!2d5.6614244!3d43.4766535!3m2!1i1024!2i768!4f13.1!3m3!1m2!1s0x0%3A0x77f5ab7dfc3b92a1!2sMas+de+Cadenet+N%C3%A9grel!5e0!3m2!1sfr!2sfr!4v1480288526564\" width=\"600\" height=\"450\" frameborder=\"0\" allowfullscreen=\"allowfullscreen\"><\/iframe><\/p>\n","protected":false},"excerpt":{"rendered":"<p>Nous vous accueillions au sein de notre\u00a0vignoble pour vous faire d\u00e9guster nos vins. La boutique est ouverte tous les jours 9h00 \u00e0 12h30 &amp; 14h00 \u00e0 18h00 sauf le dimanche et les jours f\u00e9ri\u00e9s. Nous vous renseignerons avec plaisir sur nos vins, sur les alliances mets et vins&#8230; Nous organisons aussi des\u00a0visites le domaine; plus [&hellip;]\n","protected":false},"author":1,"featured_media":0,"parent":0,"menu_order":0,"comment_status":"closed","ping_status":"closed","template":"","meta":{"footnotes":""},"class_list":["post-80","page","type-page","status-publish","hentry"],"_links":{"self":[{"href":"https:\/\/www.masdecadenet.fr\/index.php\/wp-json\/wp\/v2\/pages\/80","targetHints":{"allow":["GET"]}}],"collection":[{"href":"https:\/\/www.masdecadenet.fr\/index.php\/wp-json\/wp\/v2\/pages"}],"about":[{"href":"https:\/\/www.masdecadenet.fr\/index.php\/wp-json\/wp\/v2\/types\/page"}],"author":[{"embeddable":true,"href":"https:\/\/www.masdecadenet.fr\/index.php\/wp-json\/wp\/v2\/users\/1"}],"replies":[{"embeddable":true,"href":"https:\/\/www.masdecadenet.fr\/index.php\/wp-json\/wp\/v2\/comments?post=80"}],"version-history":[{"count":25,"href":"https:\/\/www.masdecadenet.fr\/index.php\/wp-json\/wp\/v2\/pages\/80\/revisions"}],"predecessor-version":[{"id":2119,"href":"https:\/\/www.masdecadenet.fr\/index.php\/wp-json\/wp\/v2\/pages\/80\/revisions\/2119"}],"wp:attachment":[{"href":"https:\/\/www.masdecadenet.fr\/index.php\/wp-json\/wp\/v2\/media?parent=80"}],"curies":[{"name":"wp","href":"https:\/\/api.w.org\/{rel}","templated":true}]}}